 the prime factors of -4*(g/(-2))/1?
2, 3
Suppose -1 = -3*m - 10. Let p = 3 - m. List the prime factors of p.
2, 3
Let o be (-2)/4 - (-4)/8. Suppose -4*w + 4*c = -204, o = w + 2*c - c - 53. What are the prime factors of w?
2, 13
Suppose 2*s + 0*s - 4 = 0. What are the prime factors of s?
2
Let c = 250 - 121. What are the prime factors of c?
3, 43
Let z(r) be the third derivative of 3*r**4/8 + 3*r**3/2 + 3*r**2. Let p(s) = 13*s + 14. Let d(g) = -5*p(g) + 7*z(g). What are the prime factors of d(-8)?
3
Let q = -8 - -28. Suppose 8*g = 3*g + q. Suppose -5*t = -g*h, -t - 12 = -5*h + 9. What are the prime factors of t?
2
List the prime factors of ((-4)/(-6))/((-1)/(-36)).
2, 3
Let s = 3 + -1. Suppose -l + 3*v - 4 = 0, -l = 3*v + s*v - 28. What are the prime factors of l?
2
Let b(t) = 43*t - 3. Let r be b(2). Suppose 2*l - 107 = -u + r, -4*u = 4*l - 376. Suppose 4*s - 4*x - l = 0, x + 2*x = -12. List the prime factors of s.
2, 5
Suppose 0 = -5*a + g + g + 23, 0 = -2*g + 2. Let m(c) = -c - 1. Let v be m(a). Let q = v - -8. What are the prime factors of q?
2
Let c(a) = a - 6. Let x be c(11). What are the prime factors of (-376)/(-20) + 1/x?
19
Let s(k) be the first derivative of k**6/360 - k**5/120 - k**4/3 + 4*k**3/3 + 3. Let n(i) be the third derivative of s(i). List the prime factors of n(6).
2, 11
Let v be (-4 - -3 - -2) + 34. Let r = 51 - v. What are the prime factors of r?
2
Let s(b) = b**2 + 29*b - 61. List the prime factors of s(-32).
5, 7
Suppose 2*o = -3*u - 42, -2*u - 2*o - 26 = -0*u. Let a = u + 29. What are the prime factors of a?
13
Suppose -3*u + 50 = -2*u + l, -2*l = u - 51. What are the prime factors of u?
7
Let b(m) = 8*m - 1. Let d be b(-1). Let x(l) = -l**3 - 9*l**2 - l - 10. Let k be x(d). What are the prime factors of 2*k/6*-69?
23
Let i(r) = r**3 - 3*r**2 + 2*r - 1. Let o be i(3). Let m be -17*(-2 - (2 - 3)). Suppose -4*t + m = 2*k - 11, -5*t = -o*k + 40. What are the prime factors of k?
2, 5
What are the prime factors of (-6)/21 - 255/(-35)?
7
Let y(a) = -1. Let u(t) = -3*t - 5. Let z(n) = -u(n) + 4*y(n). List the prime factors of z(6).
19
Suppose 4*b - 1176 = -4*r, -4 = 2*r + 6. What are the prime factors of b?
13, 23
Let g(a) be the first derivative of 3*a**4/4 - a**2/2 + a - 2. What are the prime factors of g(1)?
3
Suppose 0 = -4*o - 3 - 1. Let r(y) = -26*y - 1. List the prime factors of r(o).
5
Let x be 310/(-15) - 1/3. Let b = 34 + x. What are the prime factors of b?
13
Suppose 5*x + 7*x = 2136. What are the prime factors of x?
2, 89
Suppose 0 = -5*n + 2*i + 86 + 64, -2*n - 2*i = -74. List the prime factors of n.
2
Let r(c) be the first derivative of -5*c**2/2 - 5*c + 6. What are the prime factors of r(-2)?
5
Let t = -12 - -4. Let n = -4 - t. What are the prime factors of (2 - n)/(4/(-18))?
3
Suppose 6 = -0*h + 3*h. Suppose -2 = h*u - 22. List the prime factors of u.
2, 5
What are the prime factors of 4/(-14) - (-504)/49?
2, 5
Suppose 58*x = 61*x - 399. List the prime factors of x.
7, 19
Let c(r) = -5*r - 1. Let v be c(-1). Suppose 0 = 2*h - v*n - 4 + 16, 5*h = -5*n + 45. Suppose h*y + y = 80. List the prime factors of y.
2
Suppose -4*j - 4 + 0 = 0. Let v be (-6)/(-9)*(j - 2). Let r(c) = -5*c - 2. List the prime factors of r(v).
2
List the prime factors of 5*13 + (-8 - -7).
2
Suppose -4*a + 526 = 134. What are the prime factors of a?
2, 7
Let q = 58 - 6. What are the prime factors of q?
2, 13
Let h(f) = -10*f - 5. Suppose 2*d - 3*k = -2*d - 3, -18 = 4*d + 2*k. What are the prime factors of h(d)?
5
Let f be ((-13)/5 - -2)*-5. List the prime factors of 19 + -1 + 6/f.
2, 5
Let x(u) = -u**3 + 1 - 4 + 7 - 1 + 6*u**2 + 2*u. What are the prime factors of x(5)?
2, 19
Let x(q) = -q**3 - 10*q**2 - 6*q + 3. List the prime factors of x(-10).
3, 7
Let f = -18 + 9. Suppose -2*r = 2 - 0. What are the prime factors of 33/f*-3 + r?
2, 5
Suppose -3*s + 123 = 2*o - 48, 3*o + 114 = 2*s. List the prime factors of s.
3, 19
Let t = 0 - -5. Suppose u - t*h - 7 = 8, -u + 11 = -3*h. List the prime factors of u.
5
Let i be (9/18)/(2/452). Suppose 3*y + i = 5*d, y + 44 = 2*d - 2. What are the prime factors of d?
5
Let l(u) = 8*u**3 + u. Let g be l(1). Let i be ((-3)/1)/(g/(-6)). What are the prime factors of 3*(20/6 - i)?
2
What are the prime factors of (59/(-2))/(1/(-2))*1?
59
Let g(r) = -r**2 + 18*r - 11. List the prime factors of g(16).
3, 7
Let c(h) = 5 + 2 - 1 - 4 - 3*h**2 + h**3 - 4*h. List the prime factors of c(4).
2
Let f(o) = -o**3 + 7*o**2 + 7*o + 5. Let l be f(8). Let v(x) = 3*x**2 + x - 3. List the prime factors of v(l).
3, 7
Suppose 5*g = -2*f + 20, 2*g = -4*f - g + 12. Suppose -2*d + 2*l = -3*d - 11, f = -5*d + 4*l + 1. List the prime factors of (9/6)/(d/(-26)).
13
Suppose -3*k = -5*m - 730 + 81, -5*m + 1055 = 5*k. List the prime factors of k.
3, 71
Let h(c) be the first derivative of 3*c**2 - 3. Let w(u) = u. Let z(o) = h(o) - 5*w(o). List the prime factors of z(9).
3
Suppose 5*q - 3*q + 16 = 0. Let t = 20 + q. List the prime factors of t.
2, 3
Let p be ((-8)/10)/((-6)/15). Let s(o) = -3*o**2 - 4 - 11*o + 4*o**2 - 10 + p*o. What are the prime factors of s(11)?
2
Let l(j) = 8*j**2 + 2*j + 17. What are the prime factors of l(5)?
227
List the prime factors of (-59 + -2)*1/(-1).
61
Suppose 120 = h - 89. Suppose 7*c = h + 15. What are the prime factors of c?
2
Let r = 0 - -2. Suppose -15 = 3*h - a - 80, r*h = 4*a + 50. Suppose 4*l - 2*l + 3*b = 9, -3*l - 2*b + h = 0. List the prime factors of l.
3
Suppose 9 = -19*h + 20*h. Suppose 27 + h = 2*g. What are the prime factors of g?
2, 3
Let b = 7 - 4. Suppose -w = -3*w + b*o + 27, 2*w = 2*o + 22. List the prime factors of w.
2, 3
Let j = 18 + -13. Suppose 5*d + 9 = -3*k, -3*d = j*k - 6*d - 19. Let w = 0 + k. What are the prime factors of w?
2
Suppose 4*g - 9*g + 175 = 0. List the prime factors of g.
5, 7
Let v(m) = -52*m**2 - 32*m. Let p(b) = -8*b**2 - 5*b. Let d(u) = -32*p(u) + 5*v(u). Let j be d(1). List the prime factors of (-3 - j) + 8*1.
3
Suppose 5*h = -4*g - 62 + 518, g + h - 113 = 0. What are the prime factors of g?
109
Suppose -6*v = 2*n - 2*v - 18, 36 = 4*n - 3*v. Suppose 0*k + 3*k - n = 0. Suppose 5*i - k*w - 101 = 0, i = -0*i + 4*w + 27. What are the prime factors of i?
19
Let s = 32 + -60. Let k = 16 + s. Let g = k + 23. What are the prime factors of g?
11
Suppose h + 4*h - 10 = 0. What are the prime factors of 19/(((-4)/h)/(-2))?
19
Let t(n) = 12*n - 8. What are the prime factors of t(3)?
2, 7
Suppose 5*p + 25 = j + 4*j, -4*j + 3*p = -17. Suppose -7*b + j*b = -80. What are the prime factors of b?
2
Let g(b) = b**2 + 8*b + 3. Let w be g(-8). Suppose -2*l - 2*l - 3 = w*s, -l = -s - 8. Suppose -2*o - 6 = -l*o. List the prime factors of o.
2, 3
Suppose -3*n = -2*n + 170. Let j be (-4)/(-18) - n/45. Suppose g + j*w - 13 = 0, -g + 2*w = -2 + 1. List the prime factors of g.
5
Suppose -10 = 2*g - 6*g - t, -5*t + 10 = 0. Let j be (-102)/(-14) - g/7. List the prime factors of j - (1 + (0 - 0)).
2, 3
Suppose -232 - 20 = -3*o. List the prime factors of o.
2, 3, 7
Let n be 0/(2 + (-3)/(-3)). Suppose 0 = -4*y - n*y + 32. List the prime factors of y.
2
Let i(b) = 2*b + 4 - 4*b + 3*b. Let y = 1 - -2. What are the prime factors of i(y)?
7
Suppose -2*z = -z + 1. Let o(u) = -189*u. Let t(m) = 5*m. Let s(h) = -2*o(h) - 77*t(h). What are the prime factors of s(z)?
7
Let u(l) = -8*l - 7. What are the prime factors of u(-5)?
3, 11
Let r(u) = 10*u. Let n be r(1). List the prime factors of 11 + (n/(-2) - -3).
3
What are the prime factors of (184/10)/((-2)/(-5))?
2, 23
What are the prime factors of (-79)/(-4) + 24/(-32)?
19
Let s(z) = 176*z + 6. List the prime factors of s(1).
2, 7, 13
Suppose -3*g = -4*g + 15. Suppose -u = 2*u - g. Suppose 0 = -2*o + u*d - 13, -28 = -3*o - 0*d - 2*d. List the prime factors of o.
2, 3
Suppose g + 133 - 53 = y, -62 = -y - 5*g. List the prime factors of y.
7, 11
Suppose -2*f + 12 = f. Let p(l) = l**3 - 5*l**2 + l - 2. Let b be p(5). Suppose f*o = j + 8*o - 14, b*j - 24 = -3*o. List the prime factors of j.
2, 3
Let z be (-3)/((-6)/4) + 13. Suppose 5*d + 3*s = -94 + z, -d + 2*s - 21 = 0. Let a = -8 - d. What are the prime factors of a?
3
Let j be ((-42)/(-4))/(2/(-8)). Let h be j/(-11) + 4/22. Suppose 0 = v - h. What are the prime factors of v?
2
Suppose 2*y = -3*y + 1320. 